{"id":137,"date":"2024-03-08T16:47:20","date_gmt":"2024-03-08T16:47:20","guid":{"rendered":"https:\/\/arthursalle.b2design.pt\/?page_id=137"},"modified":"2024-03-15T16:52:33","modified_gmt":"2024-03-15T16:52:33","slug":"biographie","status":"publish","type":"page","link":"https:\/\/arthursalle.b2design.pt\/index.php\/biographie\/","title":{"rendered":"Biographie"},"content":{"rendered":"<p>[et_pb_section fb_built=&#8221;1&#8243; _builder_version=&#8221;4.24.2&#8243; _module_preset=&#8221;default&#8221; background_enable_color=&#8221;off&#8221; use_background_color_gradient=&#8221;on&#8221; background_color_gradient_stops=&#8221;#ffffff 0%|#000000 74%&#8221; background_image=&#8221;https:\/\/arthursalle.b2design.pt\/wp-content\/uploads\/2024\/03\/piano2-scaled.jpg&#8221; background_position=&#8221;top_center&#8221; background_vertical_offset=&#8221;37%&#8221; custom_padding=&#8221;15%||||false|false&#8221; locked=&#8221;off&#8221; global_colors_info=&#8221;{}&#8221;][\/et_pb_section][et_pb_section fb_built=&#8221;1&#8243; _builder_version=&#8221;4.24.2&#8243; _module_preset=&#8221;default&#8221; background_color=&#8221;RGBA(255,255,255,0)&#8221; custom_margin=&#8221;||||false|false&#8221; custom_padding=&#8221;||100px||false|false&#8221; locked=&#8221;off&#8221; global_colors_info=&#8221;{}&#8221;][et_pb_row column_structure=&#8221;3_5,2_5&#8243; _builder_version=&#8221;4.24.2&#8243; _module_preset=&#8221;default&#8221; custom_padding=&#8221;46px|||||&#8221; animation_style=&#8221;slide&#8221; animation_direction=&#8221;left&#8221; animation_duration=&#8221;2000ms&#8221; animation_delay=&#8221;1000ms&#8221; hover_enabled=&#8221;0&#8243; global_colors_info=&#8221;{}&#8221; sticky_enabled=&#8221;0&#8243;][et_pb_column type=&#8221;3_5&#8243; _builder_version=&#8221;4.24.2&#8243; _module_preset=&#8221;default&#8221; global_colors_info=&#8221;{}&#8221;][et_pb_image src=&#8221;https:\/\/arthursalle.b2design.pt\/wp-content\/uploads\/2024\/02\/Fotografia_Arthur.jpg&#8221; title_text=&#8221;Fotografia_Arthur&#8221; _builder_version=&#8221;4.24.2&#8243; _module_preset=&#8221;default&#8221; global_colors_info=&#8221;{}&#8221;][\/et_pb_image][et_pb_text _builder_version=&#8221;4.24.2&#8243; _module_preset=&#8221;default&#8221; text_font_size=&#8221;18px&#8221; text_line_height=&#8221;1.8em&#8221; global_colors_info=&#8221;{}&#8221;]<\/p>\n<p>N\u00e9 en 1984, Arthur commence le violon \u00e0 l\u2019\u00e2ge de quatre ans. Tout petit d\u00e9j\u00e0, la musique prend une place essentielle dans sa vie. Il rencontre Elisabeth Gradinarov qui sera un vrai maitre \u00e0 penser musical pour lui. A sept ans, il entre en horaires am\u00e9nag\u00e9s au CRR de Paris dans la classe de violon de Bertrand Cervera (tout en continuant \u00e0 travailler avec Elisabeth Gradinarov) ainsi qu\u2019\u00e0 la ma\u00eetrise de Paris de Patrick Marco. Il restera quatre ans durant au CRR o\u00f9 il obtiendra ses dipl\u00f4mes en solf\u00e8ge, harmonie, et histoire de la musique. Pour lui \u00e0 cette \u00e9poque, la pleine expression musicale r\u00e9side dans la composition. Il entre donc rapidement dans la classe de piano de Judy Chin sur recommandation du directeur du conservatoire afin de jouer un instrument polyphonique.<br \/>Ses ann\u00e9es au conservatoire sont pleines d\u2019enseignements pour le jeune musicien qui donne des dizaines de concerts salle Pleyel, salle Gaveau, \u00e0 l\u2019UNESCO, en l\u2019\u00e9glise Saint Eustache et saint Roch, \u00e0 l\u2019auditorium du Louvre, au th\u00e9\u00e2tre du Ch\u00e2telet, \u00e0 l\u2019op\u00e9ra Garnier, \u00e0 l\u2019op\u00e9ra Bastille, au Zenith de Paris\u2026 Il travaillera avec plusieurs personnalit\u00e9s \u00e9m\u00e9rites de la musique comme Carlos Roque Alsina, Jean Guillou, Barbara Hendricks, Denis Dupays, Sir Colin Davis, Pierre Boulez, Jacques Taddei\u2026 Il tirera un profit immense de ses exp\u00e9riences ainsi que de l\u2019enseignement de grande qualit\u00e9 du conservatoire.<\/p>\n<p>Malgr\u00e9 tous ces enseignements, Arthur a parfois le sentiment de pratiquer la musique pour passer des concours et quitte finalement le CRR de Paris. Le conservatoire \u00e0 l\u2019adolescence ne lui correspond plus. Trop de rigidit\u00e9, pas assez d\u2019encadrement humain. Il fait la connaissance de Svetlozar Moukhovsky qui apportera au musicien les valeurs musicales dont il a besoin. Il obtient en 2003 un baccalaur\u00e9at ES puis la musique le rattrape d\u2019abord de fa\u00e7on d\u00e9tourn\u00e9e\u2026<\/p>\n<p>Il entre \u00e0 l\u2019institut sup\u00e9rieur des techniques sonores o\u00f9 il apprendra le m\u00e9tier d\u2019ing\u00e9nieur du son aupr\u00e8s de professionnels comme Lionel Haidant, Herv\u00e9 Baudier ou Christian Lotito qui lui ouvriront l\u2019esprit sur tous les genres de musique allant du Jazz \u00e0 l\u2019\u00e9lectro en passant par le rock, le rap, le reggae et les musiques \u00e9trang\u00e8res. Il aborde l\u00e0 bas le son d\u2019un point de vue scientifique, et appr\u00e9cie l\u2019univers des studios d\u2019enregistrements en fr\u00e9quentant des musiciens de tous horizons. Cette \u00e9poque de sa vie est une nouvelle dynamique pour lui.<\/p>\n<p>Mais voil\u00e0, sa propre expression musicale lui manque et Arthur a besoin de se sentir exister en tant que musicien. Il entre \u00e0 l\u2019\u00e9cole normale de musique de Paris et fera l\u00e0-bas l\u2019apprentissage de son m\u00e9tier de pianiste durant cinq ann\u00e9es. Il travaillera dans ces murs avec Patricia Thomas, Marc Andr\u00e9, Eric Vidonne, Ludmilla Berlinskaia, Sergei Markarov, Catherine Maffei, Val\u00e9rie Stephan, et recevra les pr\u00e9cieux conseils durant les masters class de maitres tels que Jean-Marc Luisada, Anne Queff\u00e9lec, Bruno Rigutto, France Clidat, Fran\u00e7ois-Ren\u00e9 Duchable, Abdel Rahman el Bacha, Christian Ivaldi, Alexandre Tharaud\u2026<\/p>\n<p>Ces ann\u00e9es pass\u00e9es dans les murs d\u2019Alfred Cortot ont fait d\u2019Arthur un musicien complet. Il y apprendra la rigueur, la g\u00e9n\u00e9rosit\u00e9, ainsi que l\u2019engagement dans les \u0153uvres qu\u2019il interpr\u00e8te. Il d\u00e9veloppe son \u00e9coute, le sens primordial de l\u2019\u00e9quilibre sonore et du phras\u00e9 au-del\u00e0 de l\u2019aspect technique du piano.<\/p>\n<p>[\/et_pb_text][et_pb_text _builder_version=&#8221;4.24.2&#8243; _module_preset=&#8221;default&#8221; text_text_color=&#8221;#333234&#8243; text_font_size=&#8221;18px&#8221; header_6_font=&#8221;Prata||||||||&#8221; header_6_text_color=&#8221;#333234&#8243; header_6_font_size=&#8221;36px&#8221; header_6_line_height=&#8221;1.4em&#8221; custom_margin=&#8221;7%||10%||false|false&#8221; custom_margin_tablet=&#8221;2%|30%|20%||false|false&#8221; custom_margin_phone=&#8221;2%|30%|20%||false|false&#8221; custom_margin_last_edited=&#8221;on|desktop&#8221; animation_style=&#8221;slide&#8221; animation_direction=&#8221;left&#8221; animation_duration=&#8221;2000ms&#8221; animation_delay=&#8221;1000ms&#8221; locked=&#8221;off&#8221; inline_fonts=&#8221;Prata&#8221; global_colors_info=&#8221;{}&#8221; custom_margin__hover_enabled=&#8221;off|desktop&#8221;]<\/p>\n<h6><img loading=\"lazy\" decoding=\"async\" src=\"https:\/\/arthursalle.b2design.pt\/wp-content\/uploads\/2024\/03\/Nota_ArthurSalleChou.png\" width=\"36\" height=\"26\" alt=\"\" class=\"wp-image-111 alignnone size-full\" \/><\/h6>\n<h6>Son r\u00e9pertoire pianistique va de Bach \u00e0 Messiaen en passant par Mozart, Beethoven, Chopin, Liszt, Schumann, Schubert, Ravel ou Rachmaninov.<\/h6>\n<p>[\/et_pb_text][et_pb_text _builder_version=&#8221;4.24.2&#8243; _module_preset=&#8221;default&#8221; text_font_size=&#8221;18px&#8221; text_line_height=&#8221;1.8em&#8221; global_colors_info=&#8221;{}&#8221;]<\/p>\n<p>Aujourd\u2019hui, Arthur ne peut se r\u00e9signer \u00e0 la solitude du pianiste. Il aime particuli\u00e8rement partager son exp\u00e9rience musicale car passer tant d\u2019ann\u00e9es \u00e0 apprendre sans donner en retour serait une aberration. La p\u00e9dagogie est pour lui un moteur essentiel de sa vie car c\u2019est dans le partage de la musique que la musique prend r\u00e9ellement tout son sens.<\/p>\n<p>[\/et_pb_text][\/et_pb_column][et_pb_column type=&#8221;2_5&#8243; _builder_version=&#8221;4.24.2&#8243; _module_preset=&#8221;default&#8221; global_colors_info=&#8221;{}&#8221;][et_pb_text _builder_version=&#8221;4.24.2&#8243; _module_preset=&#8221;default&#8221; text_font=&#8221;|300|||||||&#8221; text_font_size=&#8221;16px&#8221; text_line_height=&#8221;1.8em&#8221; header_5_font=&#8221;|600||on|||||&#8221; header_5_font_size=&#8221;24px&#8221; header_5_letter_spacing=&#8221;2px&#8221; header_5_line_height=&#8221;1.8em&#8221; header_6_font_size=&#8221;18px&#8221; hover_enabled=&#8221;0&#8243; global_colors_info=&#8221;{}&#8221; sticky_enabled=&#8221;0&#8243; border_width_left=&#8221;1px&#8221; border_color_left=&#8221;#3d3d3d&#8221; custom_padding=&#8221;|||40px|false|false&#8221;]<\/p>\n<h5><\/h5>\n<h5>R\u00e9pertoire<\/h5>\n<h6>Bach<\/h6>\n<p>Concerto Italien BWV 971<br \/>Toccata BWV 914<br \/>Toccatas et fugues BWV 565 (transcription pour piano de Busoni)<br \/>Clavier bien temp\u00e9r\u00e9<br \/>Variations Goldberg BWV 988<\/p>\n<h6><\/h6>\n<h6>Beethoven<\/h6>\n<p>Sonate n\u00b08 op.13 \u00ab Path\u00e9tique \u00bb<br \/>Sonate n\u00b017 op.31 \u00ab Tempete \u00bb<br \/>Sonate n\u00b019 op.49<br \/>Sonate n\u00b022 op.54<br \/>Sonate n\u00b023 op.57 \u201cAppassionata\u201d<br \/>Rondo a capriccio op.129 \u201c<\/p>\n<h6><\/h6>\n<h6>Chopin<\/h6>\n<p>Etudes op.10 n\u00b01,4,5,6,12<br \/>Etudes op.25 n\u00b02,4,5,7,9,10,11,12<br \/>Valses<br \/>Nocturnes<br \/>Mazurkas<br \/>Ballades<br \/>Fantaisie impromptue<br \/>Scherzo n\u00b02 op.31<\/p>\n<h6><\/h6>\n<h6>Couperin<\/h6>\n<p>Le tic toc choc<br \/>Les barricades myst\u00e9rieuses<\/p>\n<h6><\/h6>\n<h6>Daquin<\/h6>\n<p>Le coucou<\/p>\n<h6><\/h6>\n<h6>Debussy<\/h6>\n<p>Claire de Lune<br \/>La fille aux cheveux de lin<br \/>La cath\u00e9drale engloutie<br \/>Des pas sur la neige<br \/>Pr\u00e9ludes<\/p>\n<h6><\/h6>\n<h6>Dutilleux<\/h6>\n<p>Au gr\u00e9 des ondes<br \/>R\u00e9sonances<\/p>\n<h6><\/h6>\n<h6>Franck<\/h6>\n<p>Pr\u00e9lude, choral et fugue<br \/>Pr\u00e9lude, fugue et variations<\/p>\n<h6><\/h6>\n<h6>Grieg<\/h6>\n<p>Concerto pour piano op.16<\/p>\n<h6><\/h6>\n<h6><\/h6>\n<h6>Liszt<\/h6>\n<p>Consolations<br \/>Liebestraum<br \/>Etudes de Concert<br \/>La vall\u00e9e d\u2019Obermann<\/p>\n<h6><\/h6>\n<h6>Mozart<\/h6>\n<p>Sonate n\u00b012 K.332<br \/>Sonate n\u00b013 K.333<br \/>Sonate n\u00b014 K.457<br \/>Sonate n\u00b016 K.545<br \/>Fantaisie en r\u00e9 mineur K.397<br \/>Fantaisie en do mineur K.475<br \/>Variations sur Ah vous dirai je maman K.265<\/p>\n<h6><\/h6>\n<h6>Poulenc<\/h6>\n<p>Toccata<\/p>\n<h6><\/h6>\n<h6><\/h6>\n<h6>Prokofiev<\/h6>\n<p>Suggestions diaboliques op.4<br \/>Etude op.2 n\u00b01<\/p>\n<h6><\/h6>\n<h6>Rachmaninov<\/h6>\n<p>Etudes Tableaux op.33 n\u00b04<br \/>El\u00e9gie op.3 n\u00b01<br \/>Pr\u00e9ludes<br \/>Vol du Bourdon (transcription de la pi\u00e8ce de Rimsky Korsakov)<\/p>\n<h6><\/h6>\n<h6>Ravel<\/h6>\n<p>Pavane pour une infante d\u00e9funte<br \/>Concerto pour piano en sol<\/p>\n<h6><\/h6>\n<h6>Saint Sa\u00ebns<\/h6>\n<p>Etude op.111 n\u00b06 Toccatas<\/p>\n<h6><\/h6>\n<h6>Schumann<\/h6>\n<p>Sc\u00e8ne d\u2019enfants op.15<br \/>Carnaval de Vienne op.26<br \/>Concerto op.54<\/p>\n<p>[\/et_pb_text][\/et_pb_column][\/et_pb_row][\/et_pb_section][et_pb_section fb_built=&#8221;1&#8243; fullwidth=&#8221;on&#8221; theme_builder_area=&#8221;post_content&#8221; _builder_version=&#8221;4.24.2&#8243; _module_preset=&#8221;default&#8221;][et_pb_fullwidth_image src=&#8221;https:\/\/arthursalle.b2design.pt\/wp-content\/uploads\/2024\/03\/rodape2_ArthurSalleChou.jpg&#8221; _builder_version=&#8221;4.24.2&#8243; _module_preset=&#8221;default&#8221; theme_builder_area=&#8221;post_content&#8221; title_text=&#8221;rodape2_ArthurSalleChou&#8221; hover_enabled=&#8221;0&#8243; sticky_enabled=&#8221;0&#8243;][\/et_pb_fullwidth_image][\/et_pb_section][et_pb_section fb_built=&#8221;1&#8243; theme_builder_area=&#8221;post_content&#8221; _builder_version=&#8221;4.24.2&#8243; _module_preset=&#8221;default&#8221; custom_padding=&#8221;||145px|||&#8221;][et_pb_row _builder_version=&#8221;4.24.2&#8243; _module_preset=&#8221;default&#8221; theme_builder_area=&#8221;post_content&#8221;][et_pb_column _builder_version=&#8221;4.24.2&#8243; _module_preset=&#8221;default&#8221; type=&#8221;4_4&#8243; theme_builder_area=&#8221;post_content&#8221;][et_pb_text _builder_version=&#8221;4.24.2&#8243; _module_preset=&#8221;default&#8221; text_font=&#8221;|300|||||||&#8221; text_font_size=&#8221;16px&#8221; text_line_height=&#8221;1.8em&#8221; header_5_font=&#8221;|600||on|||||&#8221; header_5_font_size=&#8221;24px&#8221; header_5_letter_spacing=&#8221;2px&#8221; header_5_line_height=&#8221;1.8em&#8221; header_6_font_size=&#8221;18px&#8221; global_colors_info=&#8221;{}&#8221; theme_builder_area=&#8221;post_content&#8221;]<\/p>\n<h5>M\u00e9dias<\/h5>\n<p>[\/et_pb_text][\/et_pb_column][\/et_pb_row][et_pb_row column_structure=&#8221;1_5,3_5,1_5&#8243; custom_padding_last_edited=&#8221;on|tablet&#8221; _builder_version=&#8221;4.24.2&#8243; _module_preset=&#8221;default&#8221; background_color=&#8221;#ffffff&#8221; custom_margin=&#8221;|auto|30px|auto|false|false&#8221; custom_padding=&#8221;1%|1%|1%|1%|true|true&#8221; custom_padding_tablet=&#8221;5%|5%|9.5%|5%|false|true&#8221; custom_padding_phone=&#8221;6%|6%|12%|6%|false|true&#8221; animation_style=&#8221;slide&#8221; animation_duration=&#8221;2000ms&#8221; animation_delay=&#8221;1000ms&#8221; box_shadow_style=&#8221;preset2&#8243; locked=&#8221;off&#8221; global_colors_info=&#8221;{}&#8221; theme_builder_area=&#8221;post_content&#8221;][et_pb_column type=&#8221;1_5&#8243; _builder_version=&#8221;4.24.2&#8243; _module_preset=&#8221;default&#8221; global_colors_info=&#8221;{}&#8221; theme_builder_area=&#8221;post_content&#8221;][et_pb_image src=&#8221;https:\/\/arthursalle.b2design.pt\/wp-content\/uploads\/2024\/03\/musique_ArthurSalleChou-16.png&#8221; title_text=&#8221;musique_ArthurSalleChou-16&#8243; _builder_version=&#8221;4.24.2&#8243; _module_preset=&#8221;default&#8221; width=&#8221;85%&#8221; global_colors_info=&#8221;{}&#8221; theme_builder_area=&#8221;post_content&#8221;][\/et_pb_image][\/et_pb_column][et_pb_column type=&#8221;3_5&#8243; _builder_version=&#8221;4.24.2&#8243; _module_preset=&#8221;default&#8221; global_colors_info=&#8221;{}&#8221; theme_builder_area=&#8221;post_content&#8221;][et_pb_text _builder_version=&#8221;4.24.2&#8243; _module_preset=&#8221;default&#8221; text_text_color=&#8221;#000000&#8243; text_font_size=&#8221;22px&#8221; text_line_height=&#8221;1.4em&#8221; header_6_font_size=&#8221;16px&#8221; header_6_line_height=&#8221;3.2em&#8221; positioning=&#8221;absolute&#8221; position_origin_f=&#8221;bottom_right&#8221; vertical_offset=&#8221;19px&#8221; horizontal_offset=&#8221;0px&#8221; z_index=&#8221;0&#8243; vertical_offset_tablet=&#8221;8px&#8221; vertical_offset_phone=&#8221;0px&#8221; vertical_offset_last_edited=&#8221;on|phone&#8221; width=&#8221;100%&#8221; custom_margin=&#8221;||||false|false&#8221; custom_margin_tablet=&#8221;|20%|||false|false&#8221; custom_margin_phone=&#8221;|20%|||false|false&#8221; custom_margin_last_edited=&#8221;on|desktop&#8221; custom_padding=&#8221;||||false|false&#8221; text_font_size_tablet=&#8221;22px&#8221; text_font_size_phone=&#8221;17px&#8221; text_font_size_last_edited=&#8221;on|phone&#8221; header_6_font_size_tablet=&#8221;16px&#8221; header_6_font_size_phone=&#8221;13px&#8221; header_6_font_size_last_edited=&#8221;on|phone&#8221; header_6_line_height_tablet=&#8221;3.2em&#8221; header_6_line_height_phone=&#8221;3.2em&#8221; header_6_line_height_last_edited=&#8221;on|desktop&#8221; global_colors_info=&#8221;{}&#8221; theme_builder_area=&#8221;post_content&#8221;]<\/p>\n<p>La vall\u00e9e d\u2019Obermann de Liszt tir\u00e9 du premier recueil des ann\u00e9es de p\u00e8lerinage<\/p>\n<h6>12 minutes et 14 secondes<\/h6>\n<p>[\/et_pb_text][\/et_pb_column][et_pb_column type=&#8221;1_5&#8243; _builder_version=&#8221;4.24.2&#8243; _module_preset=&#8221;default&#8221; global_colors_info=&#8221;{}&#8221; theme_builder_area=&#8221;post_content&#8221;][et_pb_image src=&#8221;https:\/\/arthursalle.b2design.pt\/wp-content\/uploads\/2024\/02\/Play_icon.png&#8221; title_text=&#8221;Play_icon&#8221; align=&#8221;right&#8221; _builder_version=&#8221;4.24.2&#8243; _module_preset=&#8221;default&#8221; positioning=&#8221;absolute&#8221; position_origin_a=&#8221;top_center&#8221; vertical_offset=&#8221;48px&#8221; vertical_offset_tablet=&#8221;-40px&#8221; vertical_offset_phone=&#8221;-35px&#8221; vertical_offset_last_edited=&#8221;on|tablet&#8221; position_origin_a_tablet=&#8221;top_right&#8221; position_origin_a_phone=&#8221;top_right&#8221; position_origin_a_last_edited=&#8221;on|tablet&#8221; position_origin_f_tablet=&#8221;&#8221; position_origin_f_phone=&#8221;&#8221; position_origin_f_last_edited=&#8221;on|desktop&#8221; position_origin_r_tablet=&#8221;&#8221; position_origin_r_phone=&#8221;&#8221; position_origin_r_last_edited=&#8221;on|desktop&#8221; width=&#8221;28%&#8221; width_tablet=&#8221;14%&#8221; width_phone=&#8221;12%&#8221; width_last_edited=&#8221;on|phone&#8221; positioning_tablet=&#8221;absolute&#8221; positioning_phone=&#8221;absolute&#8221; positioning_last_edited=&#8221;on|desktop&#8221; global_colors_info=&#8221;{}&#8221; theme_builder_area=&#8221;post_content&#8221;][\/et_pb_image][\/et_pb_column][\/et_pb_row][\/et_pb_section]<\/p>\n","protected":false},"excerpt":{"rendered":"<p>N\u00e9 en 1984, Arthur commence le violon \u00e0 l\u2019\u00e2ge de quatre ans. Tout petit d\u00e9j\u00e0, la musique prend une place essentielle dans sa vie. Il rencontre Elisabeth Gradinarov qui sera un vrai maitre \u00e0 penser musical pour lui. A sept ans, il entre en horaires am\u00e9nag\u00e9s au CRR de Paris dans la classe de violon [&hellip;]<\/p>\n","protected":false},"author":2,"featured_media":0,"parent":0,"menu_order":0,"comment_status":"closed","ping_status":"closed","template":"","meta":{"_et_pb_use_builder":"on","_et_pb_old_content":"<!-- wp:divi\/placeholder \/-->","_et_gb_content_width":"","footnotes":""},"class_list":["post-137","page","type-page","status-publish","hentry"],"_links":{"self":[{"href":"https:\/\/arthursalle.b2design.pt\/index.php\/wp-json\/wp\/v2\/pages\/137","targetHints":{"allow":["GET"]}}],"collection":[{"href":"https:\/\/arthursalle.b2design.pt\/index.php\/wp-json\/wp\/v2\/pages"}],"about":[{"href":"https:\/\/arthursalle.b2design.pt\/index.php\/wp-json\/wp\/v2\/types\/page"}],"author":[{"embeddable":true,"href":"https:\/\/arthursalle.b2design.pt\/index.php\/wp-json\/wp\/v2\/users\/2"}],"replies":[{"embeddable":true,"href":"https:\/\/arthursalle.b2design.pt\/index.php\/wp-json\/wp\/v2\/comments?post=137"}],"version-history":[{"count":8,"href":"https:\/\/arthursalle.b2design.pt\/index.php\/wp-json\/wp\/v2\/pages\/137\/revisions"}],"predecessor-version":[{"id":277,"href":"https:\/\/arthursalle.b2design.pt\/index.php\/wp-json\/wp\/v2\/pages\/137\/revisions\/277"}],"wp:attachment":[{"href":"https:\/\/arthursalle.b2design.pt\/index.php\/wp-json\/wp\/v2\/media?parent=137"}],"curies":[{"name":"wp","href":"https:\/\/api.w.org\/{rel}","templated":true}]}}